ue
Is 59155 a prime number?
False
Is 701 a prime number?
True
Is 15307 a prime number?
True
Is 6143 composite?
False
Is 24343 a prime number?
False
Is 438747 composite?
True
Is 7207 composite?
False
Is 8857 a composite number?
True
Is 2640205 composite?
True
Is 58 a prime number?
False
Is 231941 composite?
True
Is 18427 a composite number?
False
Is 18839 a composite number?
False
Is 30801 a composite number?
True
Is 20849 a prime number?
True
Is 24611 composite?
False
Is 41833 a composite number?
True
Is 30055 prime?
False
Is 24793 prime?
True
Is 7993 a composite number?
False
Is 4500943 prime?
True
Is 29779 prime?
False
Is 28189 prime?
False
Is 2316815 composite?
True
Is 9587 a prime number?
True
Is 806761 a prime number?
True
Is 18931 composite?
True
Is 23741 a composite number?
False
Is 13649 a composite number?
False
Is 33107 a composite number?
False
Is 14479 composite?
False
Is 341261 a prime number?
False
Is 2182847 a prime number?
True
Is 733379 a composite number?
True
Is 68041 composite?
False
Is 3650419 a composite number?
False
Is 25107 a prime number?
False
Is 9643 a composite number?
False
Is 67547 composite?
False
Is 720061 a composite number?
True
Is 12829 a prime number?
True
Is 187 prime?
False
Is 615869 a composite number?
False
Is 207211 a prime number?
False
Is 3371135 a prime number?
False
Is 128897 prime?
False
Is 87 a composite number?
True
Is 1073 prime?
False
Is 395923 composite?
True
Is 13193 composite?
True
Is 7219 composite?
False
Is 109 a prime number?
True
Is 3749 a prime number?
False
Is 24721 composite?
True
Is 1931 a composite number?
False
Is 70711 prime?
False
Is 3389 prime?
True
Is 149503 a prime number?
True
Is 19729 a prime number?
False
Is 19802 composite?
True
Is 121681 a composite number?
True
Is 38501 a composite number?
False
Is 484727 composite?
False
Is 19913 prime?
True
Is 1643623 composite?
False
Is 1811521 a composite number?
True
Is 476713 a prime number?
True
Is 359911 composite?
False
Is 16049 a prime number?
False
Is 5017 a prime number?
False
Is 324034 prime?
False
Is 11699 a prime number?
True
Is 386215 a composite number?
True
Is 35489 a prime number?
False
Is 28931 composite?
True
Is 152162 composite?
True
Is 920893 a composite number?
True
Is 36881 a prime number?
False
Is 2933 composite?
True
Is 37337 prime?
True
Is 46369 a composite number?
True
Is 1318017 a composite number?
True
Is 41909 a composite number?
True
Is 143053 a composite number?
False
Is 1691 a prime number?
False
Is 16143 prime?
False
Is 171793 a prime number?
True
Is 56607 prime?
False
Is 5167 a prime number?
True
Is 247183 a prime number?
True
Is 49255 composite?
True
Is 1757 a prime number?
False
Is 24071 prime?
True
Is 17151 composite?
True
Is 24539 a composite number?
True
Is 197017 prime?
False
Is 5333 composite?
False
Is 110419 prime?
True
Is 10451 a prime number?
False
Is 22109 prime?
True
Is 991139 composite?
True
Is 649435 a composite number?
True
Is 11359 a prime number?
False
Is 2129 composite?
False
Is 1277 prime?
True
Is 164717 a composite number?
True
Is 15259 a prime number?
True
Is 215751 a composite number?
True
Is 70342 composite?
True
Is 2287 prime?
True
Is 6779 a composite number?
False
Is 590551 a composite number?
True
Is 15811 prime?
False
Is 232333 a prime number?
True
Is 443 a prime number?
True
Is 33157 a prime number?
False
Is 199921 a prime number?
True
Is 20047 prime?
True
Is 23279 a composite number?
False
Is 358177 composite?
True
Is 640579 composite?
False
Is 24031 prime?
False
Is 5039 a prime number?
True
Is 11819 composite?
True
Is 16127 composite?
False
Is 6617 a prime number?
False
Is 73709 a prime number?
True
Is 1261 prime?
False
Is 1193011 prime?
True
Is 382519 prime?
True
Is 32633 a composite number?
False
Is 112331 prime?
True
Is 625319 a composite number?
False
Is 7115 prime?
False
Is 192313 prime?
False
Is 2653 a composite number?
True
Is 4937 composite?
False
Is 135173 a composite number?
False
Is 50497 a prime number?
True
Is 26921 a prime number?
True
Is 47587 a prime number?
False
Is 101302 composite?
True
Is 133639 prime?
False
Is 1361 composite?
False
Is 5671 prime?
False
Is 10606 a prime number?
False
Is 5779 a composite number?
False
Is 2453 prime?
False
Is 9239 a composite number?
False
Is 2425147 composite?
True
Is 47 a composite number?
False
Is 406454 composite?
True
Is 17681 prime?
True
Is 730383 composite?
True
Is 274181 prime?
False
Is 39059 composite?
True
Is 1180771 prime?
True
Is 587779 a prime number?
False
Is 21293 a composite number?
True
Is 20429 a prime number?
False
Is 133303 a prime number?
True
Is 23497 a prime number?
True
Is 56773 a prime number?
True
Is 56351 composite?
True
Is 4783 a composite number?
False
Is 28697 a composite number?
False
Is 36979 a composite number?
False
Is 75929 composite?
True
Is 3907 prime?
True
Is 45007 composite?
False
Is 5737 prime?
True
Is 2461 composite?
True
Is 6514 prime?
False
Is 887335 composite?
True
Is 373339 a composite number?
False
Is 4703 prime?
True
Is 21557 a composite number?
False
Is 3089 prime?
True
Is 13117 prime?
False
Is 2437 a prime number?
True
Is 43721 a prime number?
True
Is 13241 a composite number?
False
Is 844627 prime?
False
Is 479 composite?
False
Is 410829 composite?
True
Is 92249 a composite number?
True
Is 2143237 composite?
True
Is 4721 composite?
False
Is 35671 prime?
True
Is 46105 composite?
True
Is 564523 composite?
False
Is 424579 a composite number?
True
Is 13229 a prime number?
True
Is 3829 prime?
False
Is 998458 composite?
True
Is 28983 a composite number?
True
Is 261823 composite?
False
Is 21737 a prime number?
True
Is 100609 a composite number?
False
Is 128473 prime?
True
Is 188759 composite?
True
Is 25019 a prime number?
False
Is 55745 a composite number?
True
Is 44839 a composite number?
False
Is 88843 a composite number?
False
Is 9667 composite?
True
Is 50957 a prime number?
True
Is 22409 a prime number?
True
Is 54647 a composite number?
False
Is 877009 prime?
False
Is 4289 composite?
False
Is 13117 composite?
True
Is 10453 composite?
False
Is 19443 prime?
False
Is 8269 composite?
False
Is 2333 prime?
True
Is 97737 prime?
False
Is 7711 a prime number?
False
Is 61549 a prime number?
False
Is 43037 a composite number?
False
Is 2039 prime?
True
Is 68979 composite?
True
Is 16603 a composite number?
False
Is 2833 prime?
True
Is 6977 composite?
False
Is 6197 a prime number?
True
Is 10805 a composite number?
True
Is 369703 a composite number?
False
Is 24793 a composite number?
False
Is 112031 a prime number?
True
Is 2313637 composite?
True
Is 4861 a prime number?
True
Is 201737 prime?
False
Is 40609 a composite number?
False
Is 48949 a prime number?
False
Is 8321 prime?
False
Is 40999 a prime number?
False
Is 49327 a prime number?
False
Is 744839 composite?
True
Is 10523 a prime number?
False
Is 479527 composite?
True
Is 14453 a composite number?
True
Is 20639 composite?
False
Is 833659 composite?
False
Is 730529 composite?
True
Is 9233 a composite number?
True
Is 947585 prime?
False
Is 11819 prime?
False
Is 1167263 prime?
False
Is 17513 a composite number?
True
Is 15149 a prime number?
True
Is 746 composite?
True
Is 1847 a composite number?
False
Is 50671 a prime number?
True
Is 53731 a composite number?
False
Is 90757 composite?
True
Is 61921 prime?
False
Is 26669 a prime number?
True
Is 206233 prime?
True
Is 655439 a composite number?
False
Is 10891 a composite number?
False
Is 352598 a composite number?
True
Is 28505 a composite number?
True
Is 1728569 prime?
False
Is 2492669 a prime number?
False
Is 13495 a prime number?
False
Is 78689 a prime number?
False
Is 62993 a prime number?
False
Is 4829 composite?
True
Is 367597 composite?
False
Is 5779 composite?
False
Is 731 a composite number?
True
Is 44747 composite?
True
Is 16743 a composite number?
True
Is 22009 a prime number?
False
Is 113065 a composite number?
True
Is 9811 prime?
True
Is 8923 prime?
True
Is 3079 a prime number?
True
Is 88463 composite?
False
Is 5079 composite?
True
Is 50033 a prime number?
True
Is 13577 prime?
True
Is 10483 a composite number?
True
Is 87 composite?
True
Is 36661 a composite number?
True
Is 127 a prime number?
True
Is 12847 a prime number?
False
Is 77069 composite?
False
Is 277483 composi